(-6)/9*2691708/8 a composite number?
True
Let s(m) = m**2 - 35*m - 71. Let t be 12/21 - 400/14. Is s(t) a composite number?
False
Suppose -2*v - d = 862 + 4260, -7705 = 3*v - 4*d. Let g = 3022 - v. Is g prime?
False
Let w = -8 + 9. Let t be ((-12)/(-4))/w + -16. Let u(m) = -96*m + 11. Is u(t) a prime number?
True
Let t = -10 - -10. Suppose 5*u = -10 - t, -u - 2 = 3*o. Suppose o*b - 1174 = -2*b. Is b composite?
False
Is (-3)/4*(36/(-27))/1*877 prime?
True
Let o be 4 + -4 - (1 - -2) - -3. Let x = 31 + -26. Suppose -d + m + 787 = d, -5*m - x = o. Is d a prime number?
False
Let b(x) = 2*x**3 + x**2 - 5*x - 2. Let p be b(4). Let j = 589 - p. Is j a prime number?
True
Suppose 0 = 2*i - 0*i - 3*p - 10909, -4*p + 5427 = i. Suppose 5*l + i + 623 = 0. Let q = l + 1897. Is q prime?
True
Suppose 8*i - 90 = 9*i. Let r be (278/5)/(3*(-6)/i). Suppose 0 = -s - s + r. Is s a composite number?
False
Let u(v) = 3*v - 83. Let g be u(23). Is (-4)/14 - (80496/g)/6 prime?
False
Suppose -3*x + 35 = -x + 3*f, 5*x + 5*f - 75 = 0. Suppose 0 = 3*c + 16 - x. Is 1*(20/5 + c + 1085) prime?
True
Suppose 4*f + 8 = -440. Let y = 83 - f. Let g = -40 + y. Is g composite?
True
Suppose 14*t + 13 = 69. Suppose -t*z + 139826 + 34098 = 0. Is z a prime number?
True
Let y = -50 + 147. Let x be ((-120)/(-14))/((-2)/(-14)). Let d = x + y. Is d a composite number?
False
Let a(f) = -2512*f - 1379. Is a(-10) composite?
False
Let y(s) be the second derivative of -10*s**2 + 0 + 29*s + 5/2*s**4 + 29/6*s**3. Is y(-9) a prime number?
False
Is (9/(-4 - (-505809)/126459))/(-1) a composite number?
True
Let q = -122 + 127. Suppose -3 = -4*d - 3*v + 7, -q*d + 30 = -5*v. Is 1 - 0 - (-132)/d prime?
False
Let n(l) = 101*l - 4. Let r be n(38). Let g = -1256 + r. Is g a composite number?
True
Let i(j) = 7*j**3 - 32*j**2 - 99*j + 137. Is i(44) a prime number?
False
Let r = -49373 + 112056. Is r prime?
True
Let t = 410136 - 286507. Is t composite?
True
Let y = 659 - -964. Is y composite?
True
Let h = -146275 - -447486. Is h prime?
True
Is (-1 + 5)*-1 - (-76722270)/106 a prime number?
True
Let d(i) = 28*i**2 + 2*i + 11. Let f be 27/(-216) + (-98)/(-16). Let u be ((-21)/2)/(-7)*(-16)/f. Is d(u) composite?
True
Suppose -5*h = -2*s + 20, -3*h = 6*s - s - 50. Suppose -12*f + s = -7*f. Suppose -6*m + 76 = -f*m. Is m prime?
True
Let i(b) = 5*b - 4*b**2 + 3 + 2*b**2 + 11*b**2. Let v(a) = -12*a - 293. Let q be v(-25). Is i(q) composite?
False
Suppose 0 = 3*n - 14*n + 99. Suppose 10*p - 446 = n*p. Is p composite?
True
Suppose h - 6 = 3*s - 2*s, 2*h - s - 8 = 0. Suppose -5*k - 2*q = -2703, 0 = h*q + 18 - 16. Is k composite?
False
Let y = -246 + 375. Is 2*-2 + y + -15 - 4 a composite number?
True
Suppose 3*c + 281 + 79 = 0. Is 177*(2/5 - 872/c) composite?
True
Suppose t + 248687 - 776719 = -31*t. Is t a prime number?
False
Let u(g) = -g + 8. Let o be u(6). Suppose 4*w - 5*b - 15230 = -w, -3*w + 9139 = -o*b. Is w a prime number?
False
Let x(i) = -i**3 + 13*i**2 + 19*i - 1. Let f be (1 - 1)*4/4. Suppose f = -8*r + 11*r - 36. Is x(r) a prime number?
False
Let s = 66 + -56. Let n be (s/(-20))/((-2 + 3)/(-28)). Let g(u) = 23*u - 24. Is g(n) a composite number?
True
Let z(l) = 15*l**2 + 2*l + 2. Suppose 6*c = 10 + 14. Suppose 6*h = c*h + 14. Is z(h) composite?
False
Suppose 0 = -4*g, -3*o - 415012 = -7*o + 5*g. Suppose 7*i = 502956 - o. Is i composite?
True
Is -1511*326*414/(-828) prime?
False
Suppose 85*y = 4*y - 35640. Let x(n) = -52*n**2 + 2*n - 1. Let s be x(2). Let q = s - y. Is q a prime number?
False
Suppose -8067 - 1878 = 5*h. Let a = 8536 + h. Is a composite?
False
Suppose 0 = -2*j - 2*k + 2, 4*k + 0 = -4. Suppose -4*v = 5*o - 2113, 2*o - 898 = -j*v + 160. Suppose -v = -2*x + 1302. Is x composite?
True
Suppose 7*d + 18*d - 349475 = 0. Is d a composite number?
True
Let k = -1504 + 493521. Is k composite?
False
Let r(g) = -6053*g + 4. Let p = 50 + -52. Let s be r(p). Suppose -12*i = -2*i - s. Is i a composite number?
True
Let q be 48/168 - 24/(-14). Suppose 4*f - 4291 = 3*h, q*f - 322 - 1831 = 3*h. Is f a composite number?
False
Is ((-13)/((-78)/43))/((-3)/(-21078)) a composite number?
True
Let q(c) = -328*c - 637. Is q(-26) prime?
False
Let z = 339 - 335. Suppose -2*o + 8 = 2*o. Suppose -n + 685 = -2*w, -o*n - z*w = 42 - 1428. Is n prime?
False
Suppose -4*i + 565 = 593. Let r(w) = 83*w**2 + 17*w + 19. Is r(i) a composite number?
False
Let j = 103338 + -71224. Is j a prime number?
False
Is (1035701 - 20 - -20)*1 prime?
False
Suppose 10112 = 8*z - 19000. Let l = z - -3374. Is l a composite number?
False
Suppose 0 = -4*y + 28, 5*q - 380*y - 1865751 = -378*y. Is q a prime number?
False
Let a(w) = 891*w + 301. Is a(47) prime?
False
Suppose 222 = 2*r + 210, -603052 = -2*t - 3*r. Is t a composite number?
True
Let w(g) = 508*g**3 + 11*g**2 - 23*g + 31. Is w(6) prime?
True
Suppose -28*u = -10*u + 108. Is -105*(-44 + u + 3) + -4 composite?
False
Let t(h) = -h**3 - 24*h**2 + 23*h + 29. Let z be t(-25). Let l = 79 + z. Is l prime?
False
Let c = -351 + -535. Let l = c - -1563. Is l prime?
True
Let c = -9147 + 4053. Let m be c/4 - 24/(-16). Let j = -505 - m. Is j a prime number?
False
Let y(z) = -z**3 - 27*z**2 + 29*z - 119. Let a(t) = -38*t**2 - 6*t. Let c be a(-1). Is y(c) a prime number?
True
Suppose 0 = 4*o - 2 - 2. Let r(c) be the third derivative of 271*c**4/24 - c**3/3 - 100*c**2. Is r(o) prime?
True
Suppose -v = -3*p + 13, -3*p + 3*v + 27 = 2*p. Suppose -2*g + g = p*x + 17, -4*x = -2*g + 6. Let a(y) = -3*y**3 + 3*y**2 + 9*y - 1. Is a(x) a prime number?
False
Let t = 83839 + 124882. Is t prime?
True
Let w(b) = b**3 + 3*b**2 + 5*b + 12. Let y be w(-3). Let m(j) = 37*j**2 + 4*j + 13. Is m(y) a composite number?
True
Suppose 914 = 22*p + 10638. Let l = 6585 + p. Is l a prime number?
True
Let w(j) = -36*j**3 + 6*j**2 + 23*j + 2. Let k be w(-7). Let i be 8/36 + (-4)/18. Suppose -y = 5*o - 12479, 5*o = -i*o - 2*y + k. Is o a composite number?
True
Let d = 280495 + -29546. Is d composite?
False
Is (-5470)/(-15)*(-723)/(1*(-1 + -1)) composite?
True
Let b = -19 - -22. Suppose 5*x = -5*q + 4380, 0 = -q - 2 - b. Suppose 0 = -4*w + 1035 + x. Is w composite?
False
Suppose -262512 = 4*t - 1132724. Is t composite?
True
Let u(m) = 42*m - 32*m**2 + 21 - m**3 - 41*m + 5*m**2. Let n be u(-27). Let x(t) = -3*t**3 - 7*t**2 + 4*t + 7. Is x(n) composite?
False
Let d(n) = 8079*n**2 + 190*n + 936. Is d(-5) composite?
False
Let b(q) = 2*q**3 - 6*q**2 + 4*q + 7. Suppose 4*s - 12 = 2*i, -s - 21 = -6*s + i. Suppose -15 + s = -2*o. Is b(o) a prime number?
True
Suppose n + 5*s = 501476, 932095 = 2*n + 4*s - 70827. Is n prime?
True
Let j = 4961 - 7640. Let p = j + 4502. Is p a prime number?
True
Suppose -1819*l + 1909168 = -1800*l - 305833. Is l a composite number?
False
Let y be (136/16 - 11)*(-4)/2. Suppose -2*q = 2*q - 3*g - 3893, 4895 = y*q + 2*g. Is q composite?
False
Let c(x) = 2337*x + 1574. Is c(25) prime?
True
Let o(h) = -347*h. Let a be o(-3). Suppose 2*b + 0*b - 3*t - a = 0, 5*b + t = 2611. Let z = b - -293. Is z a prime number?
False
Suppose -4*n + 9419 - 58229 = -2*d, 2*d - 3*n - 48811 = 0. Is d a composite number?
False
Let w = -101371 + 189960. Is w a composite number?
False
Suppose -5*h = y + 21, -h - 3 = 2*y + 3. Let x(c) = c**3 + 2*c**2 - 9*c - 4. Let g be x(h). Suppose g = u + 2*u - 669. Is u a composite number?
False
Is 0 + 3 - (-21476 - -76) a composite number?
True
Let t(n) = n**2 - 15*n - 39. Let g be t(-2). Is 0 - (-10)/g - 860/(-4) a prime number?
False
Suppose 0 = -3*j, g + 4*j = -3*g + 8. Suppose -33 = -5*p - g*d, -13 = -3*p + d - 2. Is 2/7 - ((-61420)/28)/p a prime number?
True
Let j(x) = -12*x + 4*x**3 + 4*x**3 - 15*x**3 + 37 + 15*x**2 + 8*x**3. Is j(-12) a composite number?
False
Suppose -5*b + 67863 + 127036 = -3*p, b = 2*p + 38977. Is b prime?
False
Let q = -4805 - -114606. Is q a prime number?
False
Let i(r) = 14*r - 82. Let m be i(6). Suppose 3*o = -4*s + 3241, -8*s + 2160 = m*o - 6*s. Is o a prime number?
False
Let h(y) be the second derivative of y**6/120 - 3*y**5/20 + 13*y**4/24 - 2*y**3/3 - 7*y**2/2 + 18*y. Let z(l) be the first derivative of h(l). Is z(9) prime?
True
Let t(q) = -384*q**2 - 6*q + 16. Let x be t(-8). Let s = 43107 + x. Is s a composite number?
True
Let j(d) = 191*d**3 - 8*d**2 + 6*d - 2. Let l(w) 